{"id":5399,"date":"2021-04-03T17:03:24","date_gmt":"2021-04-03T20:03:24","guid":{"rendered":"https:\/\/distribuidoradelcampo.com.ar\/catalogo\/?post_type=product&#038;p=5399"},"modified":"2026-01-30T10:53:30","modified_gmt":"2026-01-30T13:53:30","slug":"la-riojana-aceite-de-oliva-virgen-extra-extraido-en-frio-500cm3","status":"publish","type":"product","link":"https:\/\/distribuidoradelcampo.com.ar\/catalogo\/producto\/la-riojana-aceite-de-oliva-virgen-extra-extraido-en-frio-500cm3\/","title":{"rendered":"LA RIOJANA, Aceite de oliva virgen extra alta gama, extra\u00eddo en fr\u00edo, 500cm3."},"content":{"rendered":"<p>Chilecito, La Rioja. Este aceite de alta gama es prensado en fr\u00edo.<\/p>\n","protected":false},"excerpt":{"rendered":"<p>Chilecito, La Rioja. Este aceite de alta gama es prensado en fr\u00edo.<\/p>\n","protected":false},"featured_media":5400,"comment_status":"closed","ping_status":"closed","template":"","meta":[],"product_brand":[896],"product_cat":[75,400,401],"product_tag":[76,554,411,176,412],"class_list":{"0":"post-5399","1":"product","2":"type-product","3":"status-publish","4":"has-post-thumbnail","6":"product_brand-la-riojana","7":"product_cat-aceites","8":"product_cat-promos","9":"product_cat-veggie","10":"product_tag-aceite","11":"product_tag-alta-gama","12":"product_tag-extraido-en-frio","13":"product_tag-oliva","14":"product_tag-riojana","16":"first","17":"onbackorder","18":"taxable","19":"shipping-taxable","20":"purchasable","21":"product-type-simple"},"_links":{"self":[{"href":"https:\/\/distribuidoradelcampo.com.ar\/catalogo\/wp-json\/wp\/v2\/product\/5399","targetHints":{"allow":["GET"]}}],"collection":[{"href":"https:\/\/distribuidoradelcampo.com.ar\/catalogo\/wp-json\/wp\/v2\/product"}],"about":[{"href":"https:\/\/distribuidoradelcampo.com.ar\/catalogo\/wp-json\/wp\/v2\/types\/product"}],"replies":[{"embeddable":true,"href":"https:\/\/distribuidoradelcampo.com.ar\/catalogo\/wp-json\/wp\/v2\/comments?post=5399"}],"version-history":[{"count":7,"href":"https:\/\/distribuidoradelcampo.com.ar\/catalogo\/wp-json\/wp\/v2\/product\/5399\/revisions"}],"predecessor-version":[{"id":18455,"href":"https:\/\/distribuidoradelcampo.com.ar\/catalogo\/wp-json\/wp\/v2\/product\/5399\/revisions\/18455"}],"wp:featuredmedia":[{"embeddable":true,"href":"https:\/\/distribuidoradelcampo.com.ar\/catalogo\/wp-json\/wp\/v2\/media\/5400"}],"wp:attachment":[{"href":"https:\/\/distribuidoradelcampo.com.ar\/catalogo\/wp-json\/wp\/v2\/media?parent=5399"}],"wp:term":[{"taxonomy":"product_brand","embeddable":true,"href":"https:\/\/distribuidoradelcampo.com.ar\/catalogo\/wp-json\/wp\/v2\/product_brand?post=5399"},{"taxonomy":"product_cat","embeddable":true,"href":"https:\/\/distribuidoradelcampo.com.ar\/catalogo\/wp-json\/wp\/v2\/product_cat?post=5399"},{"taxonomy":"product_tag","embeddable":true,"href":"https:\/\/distribuidoradelcampo.com.ar\/catalogo\/wp-json\/wp\/v2\/product_tag?post=5399"}],"curies":[{"name":"wp","href":"https:\/\/api.w.org\/{rel}","templated":true}]}}

LA RIOJANA, Aceite de oliva virgen extra alta gama, extraído en frío, 500cm3.

<p>Chilecito, La Rioja. Este aceite de alta gama es prensado en frío.</p>
