{"id":2335,"date":"2020-11-02T12:53:25","date_gmt":"2020-11-02T15:53:25","guid":{"rendered":"https:\/\/distribuidoradelcampo.com.ar\/catalogo\/producto\/import-placeholder-for-3018\/"},"modified":"2026-02-06T12:16:43","modified_gmt":"2026-02-06T15:16:43","slug":"laddubar-barrita-de-datiles-coco-y-castana-de-caju-30g-sin-tacc","status":"publish","type":"product","link":"https:\/\/distribuidoradelcampo.com.ar\/catalogo\/producto\/laddubar-barrita-de-datiles-coco-y-castana-de-caju-30g-sin-tacc\/","title":{"rendered":"SRISRI, laddubar barritas de D\u00e1tiles, coco y casta\u00f1a de caj\u00fa, 30g. SIN TACC."},"content":{"rendered":"<p>Barritas de d\u00e1tiles, coco, casta\u00f1a de caj\u00fa y manteca de cacao. VEGANAS.<br \/>\nSuper nutritiva y natural.<\/p>\n","protected":false},"excerpt":{"rendered":"<p>Barritas de d\u00e1tiles, coco, casta\u00f1a de caj\u00fa y manteca de cacao. VEGANAS. Super nutritiva y natural.<\/p>\n","protected":false},"featured_media":1713,"comment_status":"closed","ping_status":"closed","template":"","meta":[],"product_brand":[914],"product_cat":[199,98,398,401],"product_tag":[200,558,462],"class_list":{"0":"post-2335","1":"product","2":"type-product","3":"status-publish","4":"has-post-thumbnail","6":"product_brand-srisri-tattva","7":"product_cat-barritas","8":"product_cat-brownies","9":"product_cat-sin-tacc","10":"product_cat-veggie","11":"product_tag-barrita","12":"product_tag-coco-y-caju","13":"product_tag-laddubar","15":"first","16":"instock","17":"purchasable","18":"product-type-simple"},"_links":{"self":[{"href":"https:\/\/distribuidoradelcampo.com.ar\/catalogo\/wp-json\/wp\/v2\/product\/2335","targetHints":{"allow":["GET"]}}],"collection":[{"href":"https:\/\/distribuidoradelcampo.com.ar\/catalogo\/wp-json\/wp\/v2\/product"}],"about":[{"href":"https:\/\/distribuidoradelcampo.com.ar\/catalogo\/wp-json\/wp\/v2\/types\/product"}],"replies":[{"embeddable":true,"href":"https:\/\/distribuidoradelcampo.com.ar\/catalogo\/wp-json\/wp\/v2\/comments?post=2335"}],"version-history":[{"count":3,"href":"https:\/\/distribuidoradelcampo.com.ar\/catalogo\/wp-json\/wp\/v2\/product\/2335\/revisions"}],"predecessor-version":[{"id":19192,"href":"https:\/\/distribuidoradelcampo.com.ar\/catalogo\/wp-json\/wp\/v2\/product\/2335\/revisions\/19192"}],"wp:featuredmedia":[{"embeddable":true,"href":"https:\/\/distribuidoradelcampo.com.ar\/catalogo\/wp-json\/wp\/v2\/media\/1713"}],"wp:attachment":[{"href":"https:\/\/distribuidoradelcampo.com.ar\/catalogo\/wp-json\/wp\/v2\/media?parent=2335"}],"wp:term":[{"taxonomy":"product_brand","embeddable":true,"href":"https:\/\/distribuidoradelcampo.com.ar\/catalogo\/wp-json\/wp\/v2\/product_brand?post=2335"},{"taxonomy":"product_cat","embeddable":true,"href":"https:\/\/distribuidoradelcampo.com.ar\/catalogo\/wp-json\/wp\/v2\/product_cat?post=2335"},{"taxonomy":"product_tag","embeddable":true,"href":"https:\/\/distribuidoradelcampo.com.ar\/catalogo\/wp-json\/wp\/v2\/product_tag?post=2335"}],"curies":[{"name":"wp","href":"https:\/\/api.w.org\/{rel}","templated":true}]}}