{"id":2034,"date":"2020-11-02T12:52:15","date_gmt":"2020-11-02T15:52:15","guid":{"rendered":"https:\/\/distribuidoradelcampo.com.ar\/catalogo\/producto\/import-placeholder-for-1159\/"},"modified":"2026-02-06T12:29:29","modified_gmt":"2026-02-06T15:29:29","slug":"fibraplus-con-prebioticos-sin-azucar-y-miel-250g","status":"publish","type":"product","link":"https:\/\/distribuidoradelcampo.com.ar\/catalogo\/producto\/fibraplus-con-prebioticos-sin-azucar-y-miel-250g\/","title":{"rendered":"MI SOJA, Fibraplus Mermelada Ciruela con prebi\u00f3ticos y miel, SIN AZUCAR, 250g"},"content":{"rendered":"<p>Ayuda a regularizar la actividad intestinal. Contiene inulina, un prebi\u00f3tico natural que alimenta y estimula selectivamente la flora intestinal. Contribuye a la estimulaci\u00f3n del sistema inmunol\u00f3gico. Sin az\u00facar agregada, ni miel.<br \/>\nIngredientes: Mix de frutas desecadas: ciruelas, pasas de uvas, germen de trigo e inulina.<\/p>\n<p>La funci\u00f3n del Frutalax Plus\u00a0es la de\u00a0<strong>regularizar la actividad intestinal<\/strong>. Se produce por 2 razones: primero por las\u00a0<strong>propiedades laxativas<\/strong>\u00a0que aportan la ciruela, el germen de trigo y las pasas de uva; y segundo\u00a0por contener inulina, que\u00a0es un prebi\u00f3tico natural obtenido de la ra\u00edz de la achicoria, quien\u00a0se alimenta y estimula selectivamente la propia flora intestinal.<\/p>\n<p>Consumir 1 cucharada al d\u00eda para la normalizaci\u00f3n intestinal y de 2 cucharadas al d\u00eda si la persona est\u00e1 con estre\u00f1imiento.<\/p>\n","protected":false},"excerpt":{"rendered":"<p>Ayuda a regularizar la actividad intestinal. Contiene inulina, un prebi\u00f3tico natural que alimenta y estimula selectivamente la flora intestinal. Contribuye a la estimulaci\u00f3n del sistema inmunol\u00f3gico. Sin az\u00facar agregada, ni miel. Ingredientes: Mix de frutas desecadas: ciruelas, pasas de uvas, germen de trigo e inulina. La funci\u00f3n del Frutalax Plus\u00a0es la de\u00a0regularizar la actividad intestinal. [&hellip;]<\/p>\n","protected":false},"featured_media":1249,"comment_status":"closed","ping_status":"closed","template":"","meta":[],"product_brand":[902],"product_cat":[418,16,17,399,138],"product_tag":[23,124,505,257,258],"class_list":{"0":"post-2034","1":"product","2":"type-product","3":"status-publish","4":"has-post-thumbnail","6":"product_brand-mi-soja-vegantime","7":"product_cat-dulces-mermeladas","8":"product_cat-dulces-y-mermeladas","9":"product_cat-mermeladas","10":"product_cat-sin-azucar-agregada","11":"product_cat-super-alimentos-y-suplementos","12":"product_tag-ciruela","13":"product_tag-fibra","14":"product_tag-fibra-plus","15":"product_tag-flora-intestinal","16":"product_tag-prebioticos","18":"first","19":"instock","20":"purchasable","21":"product-type-simple"},"_links":{"self":[{"href":"https:\/\/distribuidoradelcampo.com.ar\/catalogo\/wp-json\/wp\/v2\/product\/2034","targetHints":{"allow":["GET"]}}],"collection":[{"href":"https:\/\/distribuidoradelcampo.com.ar\/catalogo\/wp-json\/wp\/v2\/product"}],"about":[{"href":"https:\/\/distribuidoradelcampo.com.ar\/catalogo\/wp-json\/wp\/v2\/types\/product"}],"replies":[{"embeddable":true,"href":"https:\/\/distribuidoradelcampo.com.ar\/catalogo\/wp-json\/wp\/v2\/comments?post=2034"}],"version-history":[{"count":3,"href":"https:\/\/distribuidoradelcampo.com.ar\/catalogo\/wp-json\/wp\/v2\/product\/2034\/revisions"}],"predecessor-version":[{"id":19377,"href":"https:\/\/distribuidoradelcampo.com.ar\/catalogo\/wp-json\/wp\/v2\/product\/2034\/revisions\/19377"}],"wp:featuredmedia":[{"embeddable":true,"href":"https:\/\/distribuidoradelcampo.com.ar\/catalogo\/wp-json\/wp\/v2\/media\/1249"}],"wp:attachment":[{"href":"https:\/\/distribuidoradelcampo.com.ar\/catalogo\/wp-json\/wp\/v2\/media?parent=2034"}],"wp:term":[{"taxonomy":"product_brand","embeddable":true,"href":"https:\/\/distribuidoradelcampo.com.ar\/catalogo\/wp-json\/wp\/v2\/product_brand?post=2034"},{"taxonomy":"product_cat","embeddable":true,"href":"https:\/\/distribuidoradelcampo.com.ar\/catalogo\/wp-json\/wp\/v2\/product_cat?post=2034"},{"taxonomy":"product_tag","embeddable":true,"href":"https:\/\/distribuidoradelcampo.com.ar\/catalogo\/wp-json\/wp\/v2\/product_tag?post=2034"}],"curies":[{"name":"wp","href":"https:\/\/api.w.org\/{rel}","templated":true}]}}

MI SOJA, Fibraplus Mermelada Ciruela con prebióticos y miel, SIN AZUCAR, 250g

<p>Ayuda a regularizar la actividad intestinal. Contiene inulina, un prebiótico natural que alimenta y estimula selectivamente la flora intestinal. Contribuye a la estimulación del sistema inmunológico. Sin azúcar agregada, ni miel.<br />
Ingredientes: Mix de frutas desecadas: ciruelas, pasas de uvas, germen de trigo e inulina.</p>
<p>La función del Frutalax Plus es la de <strong>regularizar la actividad intestinal</strong>. Se produce por 2 razones: primero por las <strong>propiedades laxativas</strong> que aportan la ciruela, el germen de trigo y las pasas de uva; y segundo por contener inulina, que es un prebiótico natural obtenido de la raíz de la achicoria, quien se alimenta y estimula selectivamente la propia flora intestinal.</p>
<p>Consumir 1 cucharada al día para la normalización intestinal y de 2 cucharadas al día si la persona está con estreñimiento.</p>

<p>Ayuda a regularizar la actividad intestinal. Contiene inulina, un prebiótico natural que alimenta y estimula selectivamente la flora intestinal. Contribuye a la estimulación del sistema inmunológico. Sin azúcar agregada, ni miel. Ingredientes: Mix de frutas desecadas: ciruelas, pasas de uvas, germen de trigo e inulina. La función del Frutalax Plus es la de regularizar la actividad intestinal. [&hellip;]</p>
