{"id":1901,"date":"2020-11-02T12:51:39","date_gmt":"2020-11-02T15:51:39","guid":{"rendered":"https:\/\/distribuidoradelcampo.com.ar\/catalogo\/producto\/import-placeholder-for-419\/"},"modified":"2026-01-26T10:48:24","modified_gmt":"2026-01-26T13:48:24","slug":"jual-edulcorante-stevia-liquida-250cc","status":"publish","type":"product","link":"https:\/\/distribuidoradelcampo.com.ar\/catalogo\/producto\/jual-edulcorante-stevia-liquida-250cc\/","title":{"rendered":"JUAL, Edulcorante stevia l\u00edquida, 250cc"},"content":{"rendered":"<p>Producto utilizado para endulzar bebidas, infusiones, y productos panificados, con la virtud de que no posee calor\u00edas, ni az\u00facar, ni qu\u00edmicos, sin sabor residual, 100% sabor.\u00a0<strong>No contiene Ciclamato. No contiene Aspartamo.<\/strong><\/p>\n<p>&nbsp;<\/p>\n","protected":false},"excerpt":{"rendered":"<p>Producto utilizado para endulzar bebidas, infusiones, y productos panificados, con la virtud de que no posee calor\u00edas, ni az\u00facar, ni qu\u00edmicos, sin sabor residual, 100% sabor.\u00a0No contiene Ciclamato. No contiene Aspartamo. &nbsp;<\/p>\n","protected":false},"featured_media":162,"comment_status":"closed","ping_status":"closed","template":"","meta":[],"product_brand":[892],"product_cat":[116,399,401],"product_tag":[131,132,133],"class_list":{"0":"post-1901","1":"product","2":"type-product","3":"status-publish","4":"has-post-thumbnail","6":"product_brand-jual","7":"product_cat-edulcorantes","8":"product_cat-sin-azucar-agregada","9":"product_cat-veggie","10":"product_tag-jual","11":"product_tag-nartural","12":"product_tag-stevia","14":"first","15":"instock","16":"purchasable","17":"product-type-simple"},"_links":{"self":[{"href":"https:\/\/distribuidoradelcampo.com.ar\/catalogo\/wp-json\/wp\/v2\/product\/1901","targetHints":{"allow":["GET"]}}],"collection":[{"href":"https:\/\/distribuidoradelcampo.com.ar\/catalogo\/wp-json\/wp\/v2\/product"}],"about":[{"href":"https:\/\/distribuidoradelcampo.com.ar\/catalogo\/wp-json\/wp\/v2\/types\/product"}],"replies":[{"embeddable":true,"href":"https:\/\/distribuidoradelcampo.com.ar\/catalogo\/wp-json\/wp\/v2\/comments?post=1901"}],"version-history":[{"count":3,"href":"https:\/\/distribuidoradelcampo.com.ar\/catalogo\/wp-json\/wp\/v2\/product\/1901\/revisions"}],"predecessor-version":[{"id":17537,"href":"https:\/\/distribuidoradelcampo.com.ar\/catalogo\/wp-json\/wp\/v2\/product\/1901\/revisions\/17537"}],"wp:featuredmedia":[{"embeddable":true,"href":"https:\/\/distribuidoradelcampo.com.ar\/catalogo\/wp-json\/wp\/v2\/media\/162"}],"wp:attachment":[{"href":"https:\/\/distribuidoradelcampo.com.ar\/catalogo\/wp-json\/wp\/v2\/media?parent=1901"}],"wp:term":[{"taxonomy":"product_brand","embeddable":true,"href":"https:\/\/distribuidoradelcampo.com.ar\/catalogo\/wp-json\/wp\/v2\/product_brand?post=1901"},{"taxonomy":"product_cat","embeddable":true,"href":"https:\/\/distribuidoradelcampo.com.ar\/catalogo\/wp-json\/wp\/v2\/product_cat?post=1901"},{"taxonomy":"product_tag","embeddable":true,"href":"https:\/\/distribuidoradelcampo.com.ar\/catalogo\/wp-json\/wp\/v2\/product_tag?post=1901"}],"curies":[{"name":"wp","href":"https:\/\/api.w.org\/{rel}","templated":true}]}}