{"id":1894,"date":"2020-11-02T12:51:38","date_gmt":"2020-11-02T15:51:38","guid":{"rendered":"https:\/\/distribuidoradelcampo.com.ar\/catalogo\/producto\/import-placeholder-for-392\/"},"modified":"2026-01-29T11:57:58","modified_gmt":"2026-01-29T14:57:58","slug":"beepure-endulzante-organico-40-sobres","status":"publish","type":"product","link":"https:\/\/distribuidoradelcampo.com.ar\/catalogo\/producto\/beepure-endulzante-organico-40-sobres\/","title":{"rendered":"BEEPURE, Edulcorante Organico, 42 sobres"},"content":{"rendered":"<p dir=\"ltr\">El edulcorante org\u00e1nico de BEEPURE se prepara con Stevia org\u00e1nica de la provincia de Entre R\u00edos. De los 10 endulzantes presentes en la hoja de Stevia, elegimos el Rebaudi\u00f3sido-A, que es el de menor sabor amargo y el que m\u00e1s se parece al az\u00facar de ca\u00f1a. En la composici\u00f3n, se utiliza una m\u00ednima cantidad de az\u00facar org\u00e1nica a modo de transporte del Stevia necesario para endulzar una infusi\u00f3n, ya que son cantidades \u00ednfimas. Cada sobre tiene solo tres calor\u00edas, lo cual es considerado por el C\u00f3digo Alimentario Argentino como 0% calor\u00edas.<\/p>\n<p dir=\"ltr\">Un sobre equivale a dos cucharaditas de az\u00facar y es ideal para endulzar infusiones, bebidas y preparaciones dulces. Est\u00e1 certificado por Food Safety SA.<\/p>\n<p dir=\"ltr\"><strong>Ingredientes:\u00a0<\/strong>sacarosa org\u00e1nica, glic\u00f3sidos de esteviol (INS 960).<\/p>\n","protected":false},"excerpt":{"rendered":"<p>El edulcorante org\u00e1nico de BEEPURE se prepara con Stevia org\u00e1nica de la provincia de Entre R\u00edos. De los 10 endulzantes presentes en la hoja de Stevia, elegimos el Rebaudi\u00f3sido-A, que es el de menor sabor amargo y el que m\u00e1s se parece al az\u00facar de ca\u00f1a. En la composici\u00f3n, se utiliza una m\u00ednima cantidad de [&hellip;]<\/p>\n","protected":false},"featured_media":145,"comment_status":"closed","ping_status":"closed","template":"","meta":[],"product_brand":[871],"product_cat":[116,397,399,401],"product_tag":[29,117,118,90,32,97],"class_list":{"0":"post-1894","1":"product","2":"type-product","3":"status-publish","4":"has-post-thumbnail","6":"product_brand-beepure","7":"product_cat-edulcorantes","8":"product_cat-organicos","9":"product_cat-sin-azucar-agregada","10":"product_cat-veggie","11":"product_tag-beepure","12":"product_tag-calorias","13":"product_tag-endulzante","14":"product_tag-light","15":"product_tag-organico","16":"product_tag-sinazucar","18":"first","19":"onbackorder","20":"taxable","21":"shipping-taxable","22":"purchasable","23":"product-type-simple"},"_links":{"self":[{"href":"https:\/\/distribuidoradelcampo.com.ar\/catalogo\/wp-json\/wp\/v2\/product\/1894","targetHints":{"allow":["GET"]}}],"collection":[{"href":"https:\/\/distribuidoradelcampo.com.ar\/catalogo\/wp-json\/wp\/v2\/product"}],"about":[{"href":"https:\/\/distribuidoradelcampo.com.ar\/catalogo\/wp-json\/wp\/v2\/types\/product"}],"replies":[{"embeddable":true,"href":"https:\/\/distribuidoradelcampo.com.ar\/catalogo\/wp-json\/wp\/v2\/comments?post=1894"}],"version-history":[{"count":3,"href":"https:\/\/distribuidoradelcampo.com.ar\/catalogo\/wp-json\/wp\/v2\/product\/1894\/revisions"}],"predecessor-version":[{"id":17138,"href":"https:\/\/distribuidoradelcampo.com.ar\/catalogo\/wp-json\/wp\/v2\/product\/1894\/revisions\/17138"}],"wp:featuredmedia":[{"embeddable":true,"href":"https:\/\/distribuidoradelcampo.com.ar\/catalogo\/wp-json\/wp\/v2\/media\/145"}],"wp:attachment":[{"href":"https:\/\/distribuidoradelcampo.com.ar\/catalogo\/wp-json\/wp\/v2\/media?parent=1894"}],"wp:term":[{"taxonomy":"product_brand","embeddable":true,"href":"https:\/\/distribuidoradelcampo.com.ar\/catalogo\/wp-json\/wp\/v2\/product_brand?post=1894"},{"taxonomy":"product_cat","embeddable":true,"href":"https:\/\/distribuidoradelcampo.com.ar\/catalogo\/wp-json\/wp\/v2\/product_cat?post=1894"},{"taxonomy":"product_tag","embeddable":true,"href":"https:\/\/distribuidoradelcampo.com.ar\/catalogo\/wp-json\/wp\/v2\/product_tag?post=1894"}],"curies":[{"name":"wp","href":"https:\/\/api.w.org\/{rel}","templated":true}]}}