{"id":11739,"date":"2023-02-24T15:17:33","date_gmt":"2023-02-24T18:17:33","guid":{"rendered":"https:\/\/distribuidoradelcampo.com.ar\/catalogo\/?post_type=product&#038;p=11739"},"modified":"2026-01-29T11:54:51","modified_gmt":"2026-01-29T14:54:51","slug":"beepure-dulce-frutos-del-bosque-sin-azucar-sin-tacc-400g","status":"publish","type":"product","link":"https:\/\/distribuidoradelcampo.com.ar\/catalogo\/producto\/beepure-dulce-frutos-del-bosque-sin-azucar-sin-tacc-400g\/","title":{"rendered":"BEEPURE, Dulce Frutos del Bosque, 450g"},"content":{"rendered":"<p dir=\"ltr\">El dulce light de frutos del bosque\u00a0BEEPURE est\u00e1 preparado con fruta entera. Se endulza con sucralosa, por lo que es apto para diab\u00e9ticos.<\/p>\n<p dir=\"ltr\">Es \u00fanico para untar tostadas, rellenar panqueques y hasta para cocinar cheesecake y tartas dulces.<\/p>\n<p dir=\"ltr\"><strong>Ingredientes:\u00a0<\/strong>mix frutos del bosque, sorbitol, agar, \u00e1cido c\u00edtrico, sucralosa, stevia, sorbato de potasio, benzoato de sodio.<\/p>\n","protected":false},"excerpt":{"rendered":"<p>El dulce light de frutos del bosque\u00a0BEEPURE est\u00e1 preparado con fruta entera. Se endulza con sucralosa, por lo que es apto para diab\u00e9ticos. Es \u00fanico para untar tostadas, rellenar panqueques y hasta para cocinar cheesecake y tartas dulces. Ingredientes:\u00a0mix frutos del bosque, sorbitol, agar, \u00e1cido c\u00edtrico, sucralosa, stevia, sorbato de potasio, benzoato de sodio.<\/p>\n","protected":false},"featured_media":12089,"comment_status":"closed","ping_status":"closed","template":"","meta":[],"product_brand":[871],"product_cat":[17,399,398],"product_tag":[29,22,33,56],"class_list":{"0":"post-11739","1":"product","2":"type-product","3":"status-publish","4":"has-post-thumbnail","6":"product_brand-beepure","7":"product_cat-mermeladas","8":"product_cat-sin-azucar-agregada","9":"product_cat-sin-tacc","10":"product_tag-beepure","11":"product_tag-mermelada","12":"product_tag-sin-azucar","13":"product_tag-sintacc","15":"first","16":"instock","17":"purchasable","18":"product-type-simple"},"_links":{"self":[{"href":"https:\/\/distribuidoradelcampo.com.ar\/catalogo\/wp-json\/wp\/v2\/product\/11739","targetHints":{"allow":["GET"]}}],"collection":[{"href":"https:\/\/distribuidoradelcampo.com.ar\/catalogo\/wp-json\/wp\/v2\/product"}],"about":[{"href":"https:\/\/distribuidoradelcampo.com.ar\/catalogo\/wp-json\/wp\/v2\/types\/product"}],"replies":[{"embeddable":true,"href":"https:\/\/distribuidoradelcampo.com.ar\/catalogo\/wp-json\/wp\/v2\/comments?post=11739"}],"version-history":[{"count":3,"href":"https:\/\/distribuidoradelcampo.com.ar\/catalogo\/wp-json\/wp\/v2\/product\/11739\/revisions"}],"predecessor-version":[{"id":12163,"href":"https:\/\/distribuidoradelcampo.com.ar\/catalogo\/wp-json\/wp\/v2\/product\/11739\/revisions\/12163"}],"wp:featuredmedia":[{"embeddable":true,"href":"https:\/\/distribuidoradelcampo.com.ar\/catalogo\/wp-json\/wp\/v2\/media\/12089"}],"wp:attachment":[{"href":"https:\/\/distribuidoradelcampo.com.ar\/catalogo\/wp-json\/wp\/v2\/media?parent=11739"}],"wp:term":[{"taxonomy":"product_brand","embeddable":true,"href":"https:\/\/distribuidoradelcampo.com.ar\/catalogo\/wp-json\/wp\/v2\/product_brand?post=11739"},{"taxonomy":"product_cat","embeddable":true,"href":"https:\/\/distribuidoradelcampo.com.ar\/catalogo\/wp-json\/wp\/v2\/product_cat?post=11739"},{"taxonomy":"product_tag","embeddable":true,"href":"https:\/\/distribuidoradelcampo.com.ar\/catalogo\/wp-json\/wp\/v2\/product_tag?post=11739"}],"curies":[{"name":"wp","href":"https:\/\/api.w.org\/{rel}","templated":true}]}}