{"id":983,"date":"2020-10-19T13:07:15","date_gmt":"2020-10-19T16:07:15","guid":{"rendered":"https:\/\/distribuidoradelcampo.com.ar\/catalogo\/?page_id=983"},"modified":"2025-12-11T13:59:27","modified_gmt":"2025-12-11T16:59:27","slug":"zonas-de-entrega","status":"publish","type":"page","link":"https:\/\/distribuidoradelcampo.com.ar\/catalogo\/zonas-de-entrega\/","title":{"rendered":"Zonas de entrega"},"content":{"rendered":"\t\t<div data-elementor-type=\"wp-page\" data-elementor-id=\"983\" class=\"elementor elementor-983\" data-elementor-post-type=\"page\">\n\t\t\t\t\t\t<section class=\"elementor-section elementor-top-section elementor-element elementor-element-0a942f0 elementor-section-full_width elementor-section-height-default elementor-section-height-default\" data-id=\"0a942f0\" data-element_type=\"section\" data-e-type=\"section\">\n\t\t\t\t\t\t<div class=\"elementor-container elementor-column-gap-no\">\n\t\t\t\t\t<div class=\"elementor-column elementor-col-100 elementor-top-column elementor-element elementor-element-b885084\" data-id=\"b885084\" data-element_type=\"column\" data-e-type=\"column\">\n\t\t\t<div class=\"elementor-widget-wrap elementor-element-populated\">\n\t\t\t\t\t\t<div class=\"elementor-element elementor-element-3d053cf elementor-widget elementor-widget-image\" data-id=\"3d053cf\" data-element_type=\"widget\" data-e-type=\"widget\" data-widget_type=\"image.default\">\n\t\t\t\t<div class=\"elementor-widget-container\">\n\t\t\t\t\t\t\t\t\t\t\t\t\t\t\t<img fetchpriority=\"high\" decoding=\"async\" width=\"1854\" height=\"517\" src=\"https:\/\/distribuidoradelcampo.com.ar\/catalogo\/wp-content\/uploads\/2020\/11\/banner-zonadeentrega-final-02.jpg\" class=\"attachment-full size-full wp-image-2981\" alt=\"\" srcset=\"https:\/\/distribuidoradelcampo.com.ar\/catalogo\/wp-content\/uploads\/2020\/11\/banner-zonadeentrega-final-02.jpg 1854w, https:\/\/distribuidoradelcampo.com.ar\/catalogo\/wp-content\/uploads\/2020\/11\/banner-zonadeentrega-final-02-300x84.jpg 300w, https:\/\/distribuidoradelcampo.com.ar\/catalogo\/wp-content\/uploads\/2020\/11\/banner-zonadeentrega-final-02-1024x286.jpg 1024w, https:\/\/distribuidoradelcampo.com.ar\/catalogo\/wp-content\/uploads\/2020\/11\/banner-zonadeentrega-final-02-768x214.jpg 768w, https:\/\/distribuidoradelcampo.com.ar\/catalogo\/wp-content\/uploads\/2020\/11\/banner-zonadeentrega-final-02-1536x428.jpg 1536w, https:\/\/distribuidoradelcampo.com.ar\/catalogo\/wp-content\/uploads\/2020\/11\/banner-zonadeentrega-final-02-416x116.jpg 416w, https:\/\/distribuidoradelcampo.com.ar\/catalogo\/wp-content\/uploads\/2020\/11\/banner-zonadeentrega-final-02-64x18.jpg 64w\" sizes=\"(max-width: 1854px) 100vw, 1854px\" \/>\t\t\t\t\t\t\t\t\t\t\t\t\t\t\t<\/div>\n\t\t\t\t<\/div>\n\t\t\t\t\t<\/div>\n\t\t<\/div>\n\t\t\t\t\t<\/div>\n\t\t<\/section>\n\t\t\t\t<section class=\"elementor-section elementor-top-section elementor-element elementor-element-2f57f14 elementor-section-boxed elementor-section-height-default elementor-section-height-default\" data-id=\"2f57f14\" data-element_type=\"section\" data-e-type=\"section\">\n\t\t\t\t\t\t<div class=\"elementor-container elementor-column-gap-default\">\n\t\t\t\t\t<div class=\"elementor-column elementor-col-100 elementor-top-column elementor-element elementor-element-f7f8075\" data-id=\"f7f8075\" data-element_type=\"column\" data-e-type=\"column\">\n\t\t\t<div class=\"elementor-widget-wrap elementor-element-populated\">\n\t\t\t\t\t\t<div class=\"elementor-element elementor-element-dd6c760 elementor-widget elementor-widget-heading\" data-id=\"dd6c760\" data-element_type=\"widget\" data-e-type=\"widget\" data-widget_type=\"heading.default\">\n\t\t\t\t<div class=\"elementor-widget-container\">\n\t\t\t\t\t<h1 class=\"elementor-heading-title elementor-size-default\">Zonas de entrega<\/h1>\t\t\t\t<\/div>\n\t\t\t\t<\/div>\n\t\t\t\t<div class=\"elementor-element elementor-element-6732da9 elementor-widget elementor-widget-heading\" data-id=\"6732da9\" data-element_type=\"widget\" data-e-type=\"widget\" data-widget_type=\"heading.default\">\n\t\t\t\t<div class=\"elementor-widget-container\">\n\t\t\t\t\t<h2 class=\"elementor-heading-title elementor-size-default\">VENTA MAYORISTA<\/h2>\t\t\t\t<\/div>\n\t\t\t\t<\/div>\n\t\t\t\t<div class=\"elementor-element elementor-element-a905497 elementor-widget elementor-widget-text-editor\" data-id=\"a905497\" data-element_type=\"widget\" data-e-type=\"widget\" data-widget_type=\"text-editor.default\">\n\t\t\t\t<div class=\"elementor-widget-container\">\n\t\t\t\t\t\t\t\t\t<ul><li>M\u00ednimo de compra: $100.000.-<\/li><li>\u2060Superando los $200.000 obtienen 5% de descuento<\/li><\/ul>\t\t\t\t\t\t\t\t<\/div>\n\t\t\t\t<\/div>\n\t\t\t\t<div class=\"elementor-element elementor-element-2a4d1ee elementor-widget elementor-widget-heading\" data-id=\"2a4d1ee\" data-element_type=\"widget\" data-e-type=\"widget\" data-widget_type=\"heading.default\">\n\t\t\t\t<div class=\"elementor-widget-container\">\n\t\t\t\t\t<h2 class=\"elementor-heading-title elementor-size-default\">ESTAS SON NUESTRAS ZONAS DE ENTREGA<\/h2>\t\t\t\t<\/div>\n\t\t\t\t<\/div>\n\t\t\t\t<div class=\"elementor-element elementor-element-a75b371 elementor-widget elementor-widget-text-editor\" data-id=\"a75b371\" data-element_type=\"widget\" data-e-type=\"widget\" data-widget_type=\"text-editor.default\">\n\t\t\t\t<div class=\"elementor-widget-container\">\n\t\t\t\t\t\t\t\t\t<p>CABA<\/p><p>ZONA OESTE (Tres de Febrero, San Mart\u00edn, San Miguel, Palomar, Parque Leloir, San justo, Ramos Mej\u00eda, La Ferrere, Lomas del Mirador y alrededores).<\/p><p>ZONA NORTE (Vicente L\u00f3pez, San Isidro, Ingeniero Maschwitz, Pilar, Pacheco, Escobar, Z\u00e1rate, Campana, Los Cardales y alrededores)<\/p>\t\t\t\t\t\t\t\t<\/div>\n\t\t\t\t<\/div>\n\t\t\t\t<div class=\"elementor-element elementor-element-519452c elementor-widget elementor-widget-heading\" data-id=\"519452c\" data-element_type=\"widget\" data-e-type=\"widget\" data-widget_type=\"heading.default\">\n\t\t\t\t<div class=\"elementor-widget-container\">\n\t\t\t\t\t<h2 class=\"elementor-heading-title elementor-size-default\">SI ESTAS FUERA DE NUESTRAS ZONAS DE ENTREGA<\/h2>\t\t\t\t<\/div>\n\t\t\t\t<\/div>\n\t\t\t\t<div class=\"elementor-element elementor-element-91ac802 elementor-widget elementor-widget-text-editor\" data-id=\"91ac802\" data-element_type=\"widget\" data-e-type=\"widget\" data-widget_type=\"text-editor.default\">\n\t\t\t\t<div class=\"elementor-widget-container\">\n\t\t\t\t\t\t\t\t\t<p>Hacemos env\u00edos al interior del pa\u00eds por expreso y<span style=\"color: var( --e-global-color-text ); font-family: var( --e-global-typography-text-font-family ), Sans-serif; font-size: var( --e-global-typography-text-font-size ); font-weight: var( --e-global-typography-text-font-weight );\">\u00a0el cliente se hace cargo del costo del mismo.<\/span><\/p>\t\t\t\t\t\t\t\t<\/div>\n\t\t\t\t<\/div>\n\t\t\t\t<div class=\"elementor-element elementor-element-ddce515 elementor-widget elementor-widget-heading\" data-id=\"ddce515\" data-element_type=\"widget\" data-e-type=\"widget\" data-widget_type=\"heading.default\">\n\t\t\t\t<div class=\"elementor-widget-container\">\n\t\t\t\t\t<h2 class=\"elementor-heading-title elementor-size-default\">VENTA MINORISTA<\/h2>\t\t\t\t<\/div>\n\t\t\t\t<\/div>\n\t\t\t\t<div class=\"elementor-element elementor-element-8f34f40 elementor-widget elementor-widget-text-editor\" data-id=\"8f34f40\" data-element_type=\"widget\" data-e-type=\"widget\" data-widget_type=\"text-editor.default\">\n\t\t\t\t<div class=\"elementor-widget-container\">\n\t\t\t\t\t\t\t\t\t<ul><li>Sin minimo de compra<\/li><li>Retiro sin costo por Matheu 2126, Villa Maip\u00fa<\/li><li>\u2060Env\u00edo por correo argentino a cargo del comprador<\/li><li>Para env\u00edos al interior (expresos) se tiene que abonar el pedido previo a despacharse enviando el comprobante con su n\u00famero de pedido al n\u00famero: +54 9 11-3679-7851<\/li><\/ul>\t\t\t\t\t\t\t\t<\/div>\n\t\t\t\t<\/div>\n\t\t\t\t<div class=\"elementor-element elementor-element-27575be elementor-widget elementor-widget-heading\" data-id=\"27575be\" data-element_type=\"widget\" data-e-type=\"widget\" data-widget_type=\"heading.default\">\n\t\t\t\t<div class=\"elementor-widget-container\">\n\t\t\t\t\t<h2 class=\"elementor-heading-title elementor-size-default\">HORARIO DE ATENCI\u00d3N<\/h2>\t\t\t\t<\/div>\n\t\t\t\t<\/div>\n\t\t\t\t<div class=\"elementor-element elementor-element-405329b elementor-widget elementor-widget-text-editor\" data-id=\"405329b\" data-element_type=\"widget\" data-e-type=\"widget\" data-widget_type=\"text-editor.default\">\n\t\t\t\t<div class=\"elementor-widget-container\">\n\t\t\t\t\t\t\t\t\t<p>Horario de atenci\u00f3n de Lunes a Viernes de 8 a 18hs. Pod\u00e9s comunicarte con este n\u00famero por consultas generales y env\u00edos de pagos:<br \/>11-3679-7851<\/p><p>Por consultas en particular o casos excepcionales pod\u00e9s contactarte con este n\u00famero de respaldo:<br \/>11-7113-9087 (dep\u00f3sito y despachos) hs de atenci\u00f3n de Lunes a Viernes, 7 a 15 hs<\/p>\t\t\t\t\t\t\t\t<\/div>\n\t\t\t\t<\/div>\n\t\t\t\t\t<\/div>\n\t\t<\/div>\n\t\t\t\t\t<\/div>\n\t\t<\/section>\n\t\t\t\t<section class=\"elementor-section elementor-top-section elementor-element elementor-element-6edf2ad elementor-section-boxed elementor-section-height-default elementor-section-height-default\" data-id=\"6edf2ad\" data-element_type=\"section\" data-e-type=\"section\">\n\t\t\t\t\t\t<div class=\"elementor-container elementor-column-gap-default\">\n\t\t\t\t\t<div class=\"elementor-column elementor-col-100 elementor-top-column elementor-element elementor-element-d7075b5\" data-id=\"d7075b5\" data-element_type=\"column\" data-e-type=\"column\">\n\t\t\t<div class=\"elementor-widget-wrap elementor-element-populated\">\n\t\t\t\t\t\t<div class=\"elementor-element elementor-element-f59d369 elementor-widget elementor-widget-shortcode\" data-id=\"f59d369\" data-element_type=\"widget\" data-e-type=\"widget\" data-widget_type=\"shortcode.default\">\n\t\t\t\t<div class=\"elementor-widget-container\">\n\t\t\t\t\t\t\t<div class=\"elementor-shortcode\">\t\t<div data-elementor-type=\"section\" data-elementor-id=\"2562\" class=\"elementor elementor-2562\" data-elementor-post-type=\"elementor_library\">\n\t\t\t\t\t<section class=\"elementor-section elementor-top-section elementor-element elementor-element-20e91cf2 elementor-section-boxed elementor-section-height-default elementor-section-height-default\" data-id=\"20e91cf2\" data-element_type=\"section\" data-e-type=\"section\">\n\t\t\t\t\t\t<div class=\"elementor-container elementor-column-gap-wide\">\n\t\t\t\t\t<div class=\"elementor-column elementor-col-25 elementor-top-column elementor-element elementor-element-73e849ea\" data-id=\"73e849ea\" data-element_type=\"column\" data-e-type=\"column\">\n\t\t\t<div class=\"elementor-widget-wrap elementor-element-populated\">\n\t\t\t\t\t\t<div class=\"elementor-element elementor-element-3d75e0f elementor-widget elementor-widget-image\" data-id=\"3d75e0f\" data-element_type=\"widget\" data-e-type=\"widget\" data-widget_type=\"image.default\">\n\t\t\t\t<div class=\"elementor-widget-container\">\n\t\t\t\t\t\t\t\t\t\t\t\t\t\t\t\t<a href=\"https:\/\/distribuidoradelcampo.com.ar\/catalogo\/categoria-producto\/productos\/veggie\/\">\n\t\t\t\t\t\t\t<img decoding=\"async\" width=\"900\" height=\"900\" src=\"https:\/\/distribuidoradelcampo.com.ar\/catalogo\/wp-content\/uploads\/2020\/11\/vegano.jpg\" class=\"attachment-large size-large wp-image-2587\" alt=\"\" srcset=\"https:\/\/distribuidoradelcampo.com.ar\/catalogo\/wp-content\/uploads\/2020\/11\/vegano.jpg 900w, https:\/\/distribuidoradelcampo.com.ar\/catalogo\/wp-content\/uploads\/2020\/11\/vegano-300x300.jpg 300w, https:\/\/distribuidoradelcampo.com.ar\/catalogo\/wp-content\/uploads\/2020\/11\/vegano-150x150.jpg 150w, https:\/\/distribuidoradelcampo.com.ar\/catalogo\/wp-content\/uploads\/2020\/11\/vegano-768x768.jpg 768w, https:\/\/distribuidoradelcampo.com.ar\/catalogo\/wp-content\/uploads\/2020\/11\/vegano-324x324.jpg 324w, https:\/\/distribuidoradelcampo.com.ar\/catalogo\/wp-content\/uploads\/2020\/11\/vegano-416x416.jpg 416w, https:\/\/distribuidoradelcampo.com.ar\/catalogo\/wp-content\/uploads\/2020\/11\/vegano-100x100.jpg 100w, https:\/\/distribuidoradelcampo.com.ar\/catalogo\/wp-content\/uploads\/2020\/11\/vegano-64x64.jpg 64w\" sizes=\"(max-width: 900px) 100vw, 900px\" \/>\t\t\t\t\t\t\t\t<\/a>\n\t\t\t\t\t\t\t\t\t\t\t\t\t\t\t<\/div>\n\t\t\t\t<\/div>\n\t\t\t\t<div class=\"elementor-element elementor-element-45ad331c boton-inferior elementor-widget elementor-widget-heading\" data-id=\"45ad331c\" data-element_type=\"widget\" data-e-type=\"widget\" data-widget_type=\"heading.default\">\n\t\t\t\t<div class=\"elementor-widget-container\">\n\t\t\t\t\t<h2 class=\"elementor-heading-title elementor-size-default\"><a href=\"https:\/\/distribuidoradelcampo.com.ar\/catalogo\/categoria-producto\/productos\/veggie\/\">VEGANO<\/a><\/h2>\t\t\t\t<\/div>\n\t\t\t\t<\/div>\n\t\t\t\t\t<\/div>\n\t\t<\/div>\n\t\t\t\t<div class=\"elementor-column elementor-col-25 elementor-top-column elementor-element elementor-element-4e434385\" data-id=\"4e434385\" data-element_type=\"column\" data-e-type=\"column\">\n\t\t\t<div class=\"elementor-widget-wrap elementor-element-populated\">\n\t\t\t\t\t\t<div class=\"elementor-element elementor-element-4ac4ab3 elementor-widget elementor-widget-image\" data-id=\"4ac4ab3\" data-element_type=\"widget\" data-e-type=\"widget\" data-widget_type=\"image.default\">\n\t\t\t\t<div class=\"elementor-widget-container\">\n\t\t\t\t\t\t\t\t\t\t\t\t\t\t\t\t<a href=\"https:\/\/distribuidoradelcampo.com.ar\/catalogo\/categoria-producto\/sin-tacc\/\">\n\t\t\t\t\t\t\t<img decoding=\"async\" width=\"900\" height=\"900\" src=\"https:\/\/distribuidoradelcampo.com.ar\/catalogo\/wp-content\/uploads\/2020\/11\/sintacc.jpg\" class=\"attachment-large size-large wp-image-2592\" alt=\"\" srcset=\"https:\/\/distribuidoradelcampo.com.ar\/catalogo\/wp-content\/uploads\/2020\/11\/sintacc.jpg 900w, https:\/\/distribuidoradelcampo.com.ar\/catalogo\/wp-content\/uploads\/2020\/11\/sintacc-300x300.jpg 300w, https:\/\/distribuidoradelcampo.com.ar\/catalogo\/wp-content\/uploads\/2020\/11\/sintacc-150x150.jpg 150w, https:\/\/distribuidoradelcampo.com.ar\/catalogo\/wp-content\/uploads\/2020\/11\/sintacc-768x768.jpg 768w, https:\/\/distribuidoradelcampo.com.ar\/catalogo\/wp-content\/uploads\/2020\/11\/sintacc-324x324.jpg 324w, https:\/\/distribuidoradelcampo.com.ar\/catalogo\/wp-content\/uploads\/2020\/11\/sintacc-416x416.jpg 416w, https:\/\/distribuidoradelcampo.com.ar\/catalogo\/wp-content\/uploads\/2020\/11\/sintacc-100x100.jpg 100w, https:\/\/distribuidoradelcampo.com.ar\/catalogo\/wp-content\/uploads\/2020\/11\/sintacc-64x64.jpg 64w\" sizes=\"(max-width: 900px) 100vw, 900px\" \/>\t\t\t\t\t\t\t\t<\/a>\n\t\t\t\t\t\t\t\t\t\t\t\t\t\t\t<\/div>\n\t\t\t\t<\/div>\n\t\t\t\t<div class=\"elementor-element elementor-element-7b231f9 elementor-widget elementor-widget-heading\" data-id=\"7b231f9\" data-element_type=\"widget\" data-e-type=\"widget\" data-widget_type=\"heading.default\">\n\t\t\t\t<div class=\"elementor-widget-container\">\n\t\t\t\t\t<h2 class=\"elementor-heading-title elementor-size-default\"><a href=\"https:\/\/distribuidoradelcampo.com.ar\/catalogo\/categoria-producto\/sin-tacc\/\">SIN TACC<\/a><\/h2>\t\t\t\t<\/div>\n\t\t\t\t<\/div>\n\t\t\t\t\t<\/div>\n\t\t<\/div>\n\t\t\t\t<div class=\"elementor-column elementor-col-25 elementor-top-column elementor-element elementor-element-1f5e0831\" data-id=\"1f5e0831\" data-element_type=\"column\" data-e-type=\"column\">\n\t\t\t<div class=\"elementor-widget-wrap elementor-element-populated\">\n\t\t\t\t\t\t<div class=\"elementor-element elementor-element-a5667d3 elementor-widget elementor-widget-image\" data-id=\"a5667d3\" data-element_type=\"widget\" data-e-type=\"widget\" data-widget_type=\"image.default\">\n\t\t\t\t<div class=\"elementor-widget-container\">\n\t\t\t\t\t\t\t\t\t\t\t\t\t\t\t\t<a href=\"https:\/\/distribuidoradelcampo.com.ar\/catalogo\/categoria-producto\/productos\/organicos\/\">\n\t\t\t\t\t\t\t<img loading=\"lazy\" decoding=\"async\" width=\"900\" height=\"900\" src=\"https:\/\/distribuidoradelcampo.com.ar\/catalogo\/wp-content\/uploads\/2020\/11\/organico.jpg\" class=\"attachment-large size-large wp-image-2593\" alt=\"\" srcset=\"https:\/\/distribuidoradelcampo.com.ar\/catalogo\/wp-content\/uploads\/2020\/11\/organico.jpg 900w, https:\/\/distribuidoradelcampo.com.ar\/catalogo\/wp-content\/uploads\/2020\/11\/organico-300x300.jpg 300w, https:\/\/distribuidoradelcampo.com.ar\/catalogo\/wp-content\/uploads\/2020\/11\/organico-150x150.jpg 150w, https:\/\/distribuidoradelcampo.com.ar\/catalogo\/wp-content\/uploads\/2020\/11\/organico-768x768.jpg 768w, https:\/\/distribuidoradelcampo.com.ar\/catalogo\/wp-content\/uploads\/2020\/11\/organico-324x324.jpg 324w, https:\/\/distribuidoradelcampo.com.ar\/catalogo\/wp-content\/uploads\/2020\/11\/organico-416x416.jpg 416w, https:\/\/distribuidoradelcampo.com.ar\/catalogo\/wp-content\/uploads\/2020\/11\/organico-100x100.jpg 100w, https:\/\/distribuidoradelcampo.com.ar\/catalogo\/wp-content\/uploads\/2020\/11\/organico-64x64.jpg 64w\" sizes=\"(max-width: 900px) 100vw, 900px\" \/>\t\t\t\t\t\t\t\t<\/a>\n\t\t\t\t\t\t\t\t\t\t\t\t\t\t\t<\/div>\n\t\t\t\t<\/div>\n\t\t\t\t<div class=\"elementor-element elementor-element-63ebbfed elementor-widget elementor-widget-heading\" data-id=\"63ebbfed\" data-element_type=\"widget\" data-e-type=\"widget\" data-widget_type=\"heading.default\">\n\t\t\t\t<div class=\"elementor-widget-container\">\n\t\t\t\t\t<h2 class=\"elementor-heading-title elementor-size-default\"><a href=\"https:\/\/distribuidoradelcampo.com.ar\/catalogo\/categoria-producto\/productos\/organicos\/\">ORG\u00c1NICOS<\/a><\/h2>\t\t\t\t<\/div>\n\t\t\t\t<\/div>\n\t\t\t\t\t<\/div>\n\t\t<\/div>\n\t\t\t\t<div class=\"elementor-column elementor-col-25 elementor-top-column elementor-element elementor-element-7fe3bf31\" data-id=\"7fe3bf31\" data-element_type=\"column\" data-e-type=\"column\">\n\t\t\t<div class=\"elementor-widget-wrap elementor-element-populated\">\n\t\t\t\t\t\t<div class=\"elementor-element elementor-element-41ecb0c elementor-widget elementor-widget-image\" data-id=\"41ecb0c\" data-element_type=\"widget\" data-e-type=\"widget\" data-widget_type=\"image.default\">\n\t\t\t\t<div class=\"elementor-widget-container\">\n\t\t\t\t\t\t\t\t\t\t\t\t\t\t\t\t<a href=\"https:\/\/distribuidoradelcampo.com.ar\/catalogo\/categoria-producto\/productos\/sin-azucar-agregada\/\">\n\t\t\t\t\t\t\t<img loading=\"lazy\" decoding=\"async\" width=\"900\" height=\"900\" src=\"https:\/\/distribuidoradelcampo.com.ar\/catalogo\/wp-content\/uploads\/2020\/11\/diabeticos.jpg\" class=\"attachment-large size-large wp-image-2594\" alt=\"\" srcset=\"https:\/\/distribuidoradelcampo.com.ar\/catalogo\/wp-content\/uploads\/2020\/11\/diabeticos.jpg 900w, https:\/\/distribuidoradelcampo.com.ar\/catalogo\/wp-content\/uploads\/2020\/11\/diabeticos-300x300.jpg 300w, https:\/\/distribuidoradelcampo.com.ar\/catalogo\/wp-content\/uploads\/2020\/11\/diabeticos-150x150.jpg 150w, https:\/\/distribuidoradelcampo.com.ar\/catalogo\/wp-content\/uploads\/2020\/11\/diabeticos-768x768.jpg 768w, https:\/\/distribuidoradelcampo.com.ar\/catalogo\/wp-content\/uploads\/2020\/11\/diabeticos-324x324.jpg 324w, https:\/\/distribuidoradelcampo.com.ar\/catalogo\/wp-content\/uploads\/2020\/11\/diabeticos-416x416.jpg 416w, https:\/\/distribuidoradelcampo.com.ar\/catalogo\/wp-content\/uploads\/2020\/11\/diabeticos-100x100.jpg 100w, https:\/\/distribuidoradelcampo.com.ar\/catalogo\/wp-content\/uploads\/2020\/11\/diabeticos-64x64.jpg 64w\" sizes=\"(max-width: 900px) 100vw, 900px\" \/>\t\t\t\t\t\t\t\t<\/a>\n\t\t\t\t\t\t\t\t\t\t\t\t\t\t\t<\/div>\n\t\t\t\t<\/div>\n\t\t\t\t<div class=\"elementor-element elementor-element-7dcdb9f8 elementor-widget elementor-widget-heading\" data-id=\"7dcdb9f8\" data-element_type=\"widget\" data-e-type=\"widget\" data-widget_type=\"heading.default\">\n\t\t\t\t<div class=\"elementor-widget-container\">\n\t\t\t\t\t<h2 class=\"elementor-heading-title elementor-size-default\"><a href=\"https:\/\/distribuidoradelcampo.com.ar\/catalogo\/categoria-producto\/productos\/sin-azucar-agregada\/\">SIN AZ\u00daCAR AGREGADA<\/a><\/h2>\t\t\t\t<\/div>\n\t\t\t\t<\/div>\n\t\t\t\t\t<\/div>\n\t\t<\/div>\n\t\t\t\t\t<\/div>\n\t\t<\/section>\n\t\t\t\t<\/div>\n\t\t<\/div>\n\t\t\t\t\t\t<\/div>\n\t\t\t\t<\/div>\n\t\t\t\t\t<\/div>\n\t\t<\/div>\n\t\t\t\t\t<\/div>\n\t\t<\/section>\n\t\t\t\t<\/div>\n\t\t","protected":false},"excerpt":{"rendered":"<p>Zonas de entrega VENTA MAYORISTA M\u00ednimo de compra: $100.000.- \u2060Superando los $200.000 obtienen 5% de descuento ESTAS SON NUESTRAS ZONAS DE ENTREGA CABA ZONA OESTE (Tres de Febrero, San Mart\u00edn, San Miguel, Palomar, Parque Leloir, San justo, Ramos Mej\u00eda, La Ferrere, Lomas del Mirador y alrededores). ZONA NORTE (Vicente L\u00f3pez, San Isidro, Ingeniero Maschwitz, Pilar, [&hellip;]<\/p>\n","protected":false},"author":1,"featured_media":871,"parent":0,"menu_order":0,"comment_status":"closed","ping_status":"closed","template":"elementor_header_footer","meta":{"footnotes":""},"class_list":["post-983","page","type-page","status-publish","has-post-thumbnail","hentry"],"_links":{"self":[{"href":"https:\/\/distribuidoradelcampo.com.ar\/catalogo\/wp-json\/wp\/v2\/pages\/983","targetHints":{"allow":["GET"]}}],"collection":[{"href":"https:\/\/distribuidoradelcampo.com.ar\/catalogo\/wp-json\/wp\/v2\/pages"}],"about":[{"href":"https:\/\/distribuidoradelcampo.com.ar\/catalogo\/wp-json\/wp\/v2\/types\/page"}],"author":[{"embeddable":true,"href":"https:\/\/distribuidoradelcampo.com.ar\/catalogo\/wp-json\/wp\/v2\/users\/1"}],"replies":[{"embeddable":true,"href":"https:\/\/distribuidoradelcampo.com.ar\/catalogo\/wp-json\/wp\/v2\/comments?post=983"}],"version-history":[{"count":35,"href":"https:\/\/distribuidoradelcampo.com.ar\/catalogo\/wp-json\/wp\/v2\/pages\/983\/revisions"}],"predecessor-version":[{"id":19024,"href":"https:\/\/distribuidoradelcampo.com.ar\/catalogo\/wp-json\/wp\/v2\/pages\/983\/revisions\/19024"}],"wp:featuredmedia":[{"embeddable":true,"href":"https:\/\/distribuidoradelcampo.com.ar\/catalogo\/wp-json\/wp\/v2\/media\/871"}],"wp:attachment":[{"href":"https:\/\/distribuidoradelcampo.com.ar\/catalogo\/wp-json\/wp\/v2\/media?parent=983"}],"curies":[{"name":"wp","href":"https:\/\/api.w.org\/{rel}","templated":true}]}}